59 - -66. Calculate the remainder when s is divided by 14.
13
What is the remainder when 62 is divided by -24*6/(-9)*1?
14
Suppose 2*x = 2*u - 2*x - 8, 0 = u - 3*x. What is the remainder when u is divided by 14/2 + (-20)/10?
2
Suppose -z - v + 5 = 0, -5*v - 24 = -9. What is the remainder when ((-42)/(-4)*-2)/(-1) is divided by z?
5
What is the remainder when ((-24)/12)/(2/(-97)) is divided by 33?
31
What is the remainder when 38 is divided by 14/49 - 54/(-7)?
6
Suppose 2*o = -4*b + 122, -5*b + 149 = 2*o - 2. Calculate the remainder when b is divided by 8.
5
What is the remainder when 3*118/6 + 0 is divided by 10?
9
Calculate the remainder when 7 - 20/15*-3 is divided by 7.
4
Let f = -6 + 34. Let i(v) = -v**3 + 6*v**2 + 3*v - 3. What is the remainder when f is divided by i(6)?
13
Suppose -5*x + 4*y = -x - 912, -2*x + 461 = -3*y. What is the remainder when x is divided by 16?
15
Let a(d) = -8*d - 4. Let n be (-2)/((3 - -1)/(-2)). What is the remainder when a(-4) is divided by -2 + 2 + 10*n?
8
Let v be 2*(-2)/(-4) - -2. Suppose -2*c - 10 + 111 = -v*x, -x = -c + 51. Suppose 2*o + 0*o - c = 0. What is the remainder when o is divided by 9?
8
Let h(a) = a + 10. Let y be 2/5 - 16/(-10). What is the remainder when (-29)/4*(-2 - y) is divided by h(0)?
9
Calculate the remainder when 41 is divided by (-3)/(18/(-102)) - (-2 + 5).
13
Let x = 1 - -2. Suppose 2*h - 8 = -x*v, 0*h - h = 2. What is the remainder when v is divided by 3?
1
Suppose 5*u - 10 - 55 = 0. What is the remainder when 2/(-4) - (-292)/8 is divided by u?
10
Let s = 41 + -26. Let p = -8 + 12. What is the remainder when s is divided by p?
3
Let w be 1 + (-2)/(1 + -3). Let o(t) = 2*t**2 + 2*t + 1. What is the remainder when 38 is divided by o(w)?
12
Let r(i) = -i + 12. Let g = -1 + 5. Suppose g*n - 64 = -12. Calculate the remainder when n is divided by r(5).
6
Let n(k) = k**3 + 14*k**2 - 5*k - 14. Calculate the remainder when n(-14) is divided by 12.
8
Suppose 18 = -4*q - 30. Calculate the remainder when 40 is divided by (-4)/(-6) - 160/q.
12
Suppose -19 - 56 = -3*g. Suppose 0 = 3*x - 94 + g. What is the remainder when (0 - -2)/(1/34) is divided by x?
22
Let s be 2/10 - (-24)/5. Suppose -4*t + 3*p - 3 + 111 = 0, -4*p + 104 = s*t. Suppose 0*l = 2*l - 26. Calculate the remainder when t is divided by l.
11
Let r(i) = -30*i**3 + 2*i**2 - i - 1. Calculate the remainder when 61 is divided by r(-1).
29
Let i = -2 - -12. Let z(b) = -b**3 - 2*b**2 - 4*b - 9. What is the remainder when z(-4) is divided by i?
9
Suppose -3*n - r = -51, 4*r + r + 15 = 0. Suppose 2*s - n = 10. Calculate the remainder when 40 is divided by s.
12
Suppose -5*g = -0*g - 130. Calculate the remainder when g is divided by 9.
8
Let l(b) = -2*b + 12. Let q be l(8). Let r be (-16)/(-6)*18/4. Let y = r - q. Calculate the remainder when 62 is divided by y.
14
Suppose -14*o - 103 = -341. Suppose -2*k = k. Suppose p = -k*p + 49. Calculate the remainder when p is divided by o.
15
Let n = 143 - 82. Let z(l) = l**2 + l + 1. What is the remainder when n is divided by z(4)?
19
Let r(t) = -2*t + 6. Let x be r(5). Let l(i) = 3*i**2 + 6 + 6*i + 0 - i**2 - 2. What is the remainder when 34 is divided by l(x)?
10
Let r(g) = -7*g**2 - 15*g + 1. Let a(b) = 4*b**2 + 8*b - 1. Let l(j) = 5*a(j) + 3*r(j). Let y = 61 - 64. Calculate the remainder when 11 is divided by l(y).
3
Suppose 4*w - 2*v - 52 = 0, -5*w + 3*v + 43 + 22 = 0. Let g be (-7 - -3) + 0 + 0. Let r = w + g. What is the remainder when 17 is divided by r?
8
Let j(b) = 2*b + 6. Let m be j(7). Let q = 36 - m. Suppose -g + 2 + 29 = 0. Calculate the remainder when g is divided by q.
15
Suppose 0 = 2*y - y - 2. Suppose y*g + t - 2 = 0, 0*g + 2*g = -3*t + 6. Suppose g = v + v - 14. Calculate the remainder when 20 is divided by v.
6
Let a(k) = k. Let r be a(1). Let t be (0 - r)*(-12 + 0). Let s = t + -6. What is the remainder when 11 is divided by s?
5
Let j = 8 + -3. Suppose -2*w = j*x - 17, 3*x - 3 = -3*w + 45. What is the remainder when w is divided by 11?
10
Let q(r) = -3*r + 2. Calculate the remainder when 21 is divided by q(-2).
5
Suppose 4*r + 172 = -0*r. Let a = -19 - r. Calculate the remainder when 70 is divided by a.
22
Suppose 0 = -5*y + 7*y - 6. Calculate the remainder when 12 is divided by y.
0
Let y = -34 + 52. Calculate the remainder when 34 is divided by y.
16
Suppose -5*s - 15 = 0, 5*p = 2*s - 2 + 28. Suppose 0 = -3*j - 4*r + 47, 0 = -p*r + 8. Suppose o + 102 = 3*o. Calculate the remainder when o is divided by j.
12
Let d = 3 + -1. Calculate the remainder when d/11 - 1568/(-88) is divided by 10.
8
Suppose -5*b - 3*d + d + 101 = 0, 5*b = -4*d + 97. Let k(m) = m**3 - 4*m**2 - 2*m - 3. What is the remainder when b is divided by k(5)?
9
Let v(p) = 4*p + 8*p - 2*p + 2*p**2 - 3*p. What is the remainder when 28 is divided by v(-5)?
13
Let s be (4 + 0 - 2) + 0. Suppose -3*r + 4*o = -13, -3*r = 5*o - 49 - 9. What is the remainder when ((-21)/(-6))/(s/12) is divided by r?
10
What is the remainder when 102/4 - -1 - (-63)/42 is divided by 8?
4
Let g = -17 + 98. Calculate the remainder when g is divided by 21.
18
Let j(k) = -k**3 + 77. Calculate the remainder when j(0) is divided by 21.
14
Suppose 2*l - 34 = -0*l. Let f(u) = u**2 + 8*u - 32. What is the remainder when f(-13) is divided by l?
16
Let z = 36 + -15. What is the remainder when 83 is divided by z?
20
Suppose w - f = 12, f - 1 = -2*w + 14. Let i be (-1 - (-1)/1)/(-1). What is the remainder when (-17 - i)*(1 + -2) is divided by w?
8
Let g(d) = 2*d**2 + 2*d - 2. Let o be (-38)/5 + (-2)/5. What is the remainder when g(3) is divided by (8/(-10))/(o/60)?
4
Let j = 70 - 29. Suppose 4*v + y - 42 = -0*y, 3*v + 3*y = 27. What is the remainder when j is divided by v?
8
Suppose 0 = -4*l - 491 + 23. Let h = -62 - l. Calculate the remainder when h is divided by 19.
17
Suppose 5 = -5*c + 45. Calculate the remainder when 8 is divided by c.
0
Suppose 14 - 115 = -2*n + 3*z, -5*z - 95 = -2*n. Suppose -3*u = n + 26. Let h = u + 38. Calculate the remainder when 20 is divided by h.
9
Suppose 3*d = -2*o + 65, -4*d = -d - 3*o - 75. Calculate the remainder when d is divided by 7.
2
Calculate the remainder when 26 is divided by (-55)/(-20)*4 - 4.
5
Calculate the remainder when -3 + 1/(-3)*-111 is divided by 5.
4
Suppose -4*w + 59 = -197. Suppose 2 = 5*l - 108. What is the remainder when w is divided by l?
20
Let s(a) = a**2 - 10*a + 15. Calculate the remainder when 47 is divided by s(11).
21
Suppose 5*y = p + 19, -y + p - 17 = -5*y. Suppose 2*k - y*k + 82 = 0. Calculate the remainder when k is divided by -2 - ((-2)/2 - 12).
8
Suppose -2*a - g = -6*g - 27, a = -g - 4. Let y = 6 - a. Suppose -27 = -y*m + 38. What is the remainder when m is divided by 7?
6
Calculate the remainder when 77 is divided by (-40)/(-6)*(7 - 4).
17
Let k(c) = -c**2 + c. Let o(w) = w**2 - 7*w. Let j(a) = -2*k(a) - o(a). Let t be j(-4). Calculate the remainder when 30 + (-2 - t) + -2 is divided by 11.
8
Let l = -23 - -20. Let m(u) = -10*u - 4. Calculate the remainder when m(l) is divided by 10.
6
Let i(d) = -1 + 2*d + 3 + 0*d + d. What is the remainder when i(5) is divided by 6?
5
Suppose 4*s + r - 22 = 4*r, -3*s + 14 = -r. Calculate the remainder when (s - 2)*(-17)/(-2) is divided by 6.
5
Let x(m) = -m**3 - 7*m**2 + 9*m + 12. What is the remainder when 23 is divided by x(-8)?
3
Let n be (-5)/((-4)/(-184)*-2). Suppose 490 = 5*q - n. Calculate the remainder when q is divided by 31.
28
Suppose -2*d - 3*d + 5 = 0, 4*p = -5*d + 269. Let o = 136 - 113. Calculate the remainder when p is divided by o.
20
Suppose 5*n + 1 = -3*w, -3*n + 2 - 17 = 0. What is the remainder when 31 is divided by w?
7
Suppose -3*k + 47 + 58 = 0. Suppose h + h - 56 = -5*w, 52 = 4*w - 2*h. Suppose 0 = -2*u + 3*u - w. Calculate the remainder when k is divided by u.
11
Calculate the remainder when 16 is divided by ((-7 + 0)*-2)/2.
2
Let j(x) = x**3 + 7*x**2 - x - 3. Let d be j(-7). Suppose -d*m = -18 + 6. Calculate the remainder when 13 is divided by (m + 2)*(1 - 0).
3
Suppose -4*q + 127 + 13 = 0. What is the remainder when q is divided by 12?
11
Let q be ((-14)/(-4))/1*-2. Let k be (-2)/q + (-400)/28. What is the remainder when 23 is divided by -1*(0 + 2) - k?
11
Calculate the remainder when 53 is divided by -2 + (-5)/(